{"id":21,"date":"2020-04-14T19:28:19","date_gmt":"2020-04-14T17:28:19","guid":{"rendered":"http:\/\/wbagiennejdolinie.pl\/?page_id=21"},"modified":"2024-09-08T07:33:44","modified_gmt":"2024-09-08T05:33:44","slug":"o-mnie","status":"publish","type":"page","link":"https:\/\/wbagiennejdolinie.pl\/?page_id=21","title":{"rendered":"O mnie"},"content":{"rendered":"<div class=\"wp-block-image is-style-default\">\n<figure class=\"alignleft size-large is-resized\"><img loading=\"lazy\" decoding=\"async\" width=\"640\" height=\"427\" src=\"https:\/\/wbagiennejdolinie.pl\/wp-content\/uploads\/2020\/04\/MG_26652.jpg\" alt=\"\" class=\"wp-image-144\" style=\"aspect-ratio:1.5052631578947369;width:441px;height:auto\" srcset=\"https:\/\/wbagiennejdolinie.pl\/wp-content\/uploads\/2020\/04\/MG_26652.jpg 640w, https:\/\/wbagiennejdolinie.pl\/wp-content\/uploads\/2020\/04\/MG_26652-300x200.jpg 300w\" sizes=\"auto, (max-width: 640px) 100vw, 640px\" \/><\/figure>\n<\/div>\n\n\n<p class=\"has-text-align-left\">Jestem przyrodnikiem, fotografem, mi\u0142o\u015bnikiem ornitologii &#8211; <em>ptasiarzem<\/em>; z wykszta\u0142cenia le\u015bnikiem. Od ponad 20 lat prowadz\u0119 obserwacje awifaunistyczne na terenie Pojezierza Brodnickiego oraz Bagiennej Doliny Drw\u0119cy. Wsp\u00f3\u0142pracowa\u0142em przy inwentaryzacji ptak\u00f3w i zagro\u017ce\u0144 oraz opracowywaniu dokumentacji do planu zada\u0144 ochronnych dla obszaru specjalnej ochrony Natura 2000 <strong><em>Bagienna Dolina Drw\u0119cy<\/em><\/strong>. Mam do tego miejsca szczeg\u00f3lny sentyment. Uczestniczy\u0142em w pracach nad utworzeniem faunistycznego rezerwatu przyrody <strong><em>Jezioro M\u015bcin<\/em><\/strong>. Jestem wsp\u00f3\u0142autorem kilku publikacji na temat lokalnej awifauny. <\/p>\n\n\n\n<p class=\"has-text-align-left\">Zajmuj\u0119 si\u0119 r\u00f3wnie\u017c filmem, g\u0142\u00f3wnie przyrodniczym, tak\u017ce z wykorzystaniem bezza\u0142ogowego statku powietrznego. Interesuje mnie GIS, szeroko rozumiana ochrona przyrody, a w szczeg\u00f3lno\u015bci ekologia i ochrona ptak\u00f3w.<\/p>\n\n\n\n<p class=\"has-text-align-left\">W \u017cyciu codziennym staram si\u0119 zawsze znajdowa\u0107 czas na kultur\u0119, sztuk\u0119 i wymian\u0119 my\u015bli. <\/p>\n\n\n\n<p class=\"has-text-align-left\"><strong><em>W bagiennej dolinie<\/em><\/strong>, to potrzeba chwili, \u017ceby ocali\u0107 przed nieuwag\u0105 male\u0144ki, ale wed\u0142ug mnie jeden z najpi\u0119kniejszych skrawk\u00f3w polskiej przyrody.<\/p>\n\n\n\n<div class=\"wp-block-group\"><div class=\"wp-block-group__inner-container is-layout-flow wp-block-group-is-layout-flow\">\n<div class=\"wp-block-group\"><div class=\"wp-block-group__inner-container is-layout-flow wp-block-group-is-layout-flow\">\n<p class=\"has-text-align-center\"><br>                                      <em>Borys Szpryngwald<\/em><\/p>\n<\/div><\/div>\n<\/div><\/div>\n\n\n\n<p><\/p>\n","protected":false},"excerpt":{"rendered":"<p>Jestem przyrodnikiem, fotografem, mi\u0142o\u015bnikiem ornitologii &#8211; ptasiarzem; z wykszta\u0142cenia le\u015bnikiem. Od ponad 20 lat prowadz\u0119 obserwacje awifaunistyczne na terenie Pojezierza Brodnickiego oraz Bagiennej Doliny Drw\u0119cy.&hellip; <\/p>\n","protected":false},"author":1,"featured_media":0,"parent":0,"menu_order":0,"comment_status":"closed","ping_status":"closed","template":"","meta":{"footnotes":""},"class_list":["post-21","page","type-page","status-publish","hentry"],"_links":{"self":[{"href":"https:\/\/wbagiennejdolinie.pl\/index.php?rest_route=\/wp\/v2\/pages\/21","targetHints":{"allow":["GET"]}}],"collection":[{"href":"https:\/\/wbagiennejdolinie.pl\/index.php?rest_route=\/wp\/v2\/pages"}],"about":[{"href":"https:\/\/wbagiennejdolinie.pl\/index.php?rest_route=\/wp\/v2\/types\/page"}],"author":[{"embeddable":true,"href":"https:\/\/wbagiennejdolinie.pl\/index.php?rest_route=\/wp\/v2\/users\/1"}],"replies":[{"embeddable":true,"href":"https:\/\/wbagiennejdolinie.pl\/index.php?rest_route=%2Fwp%2Fv2%2Fcomments&post=21"}],"version-history":[{"count":62,"href":"https:\/\/wbagiennejdolinie.pl\/index.php?rest_route=\/wp\/v2\/pages\/21\/revisions"}],"predecessor-version":[{"id":2344,"href":"https:\/\/wbagiennejdolinie.pl\/index.php?rest_route=\/wp\/v2\/pages\/21\/revisions\/2344"}],"wp:attachment":[{"href":"https:\/\/wbagiennejdolinie.pl\/index.php?rest_route=%2Fwp%2Fv2%2Fmedia&parent=21"}],"curies":[{"name":"wp","href":"https:\/\/api.w.org\/{rel}","templated":true}]}}